= x*t(r) + 3*a(r). Determine h(-2).
10
Let x(f) = -f + 1. Let r be x(-4). Suppose -3*g - r = 10. Let o(v) = v**3 + 5*v**2 + 6. Determine o(g).
6
Let p(y) be the first derivative of -2*y**2 - 3*y + 1. Let o = -8 - -10. Suppose -5*d = 20, -h + 0*d - o*d - 10 = 0. Give p(h).
5
Let d(c) = -6*c**3 + 2*c**2 - 4*c + 4. Let n(m) = m**3 - m**2 + m - 1. Let z(w) = -d(w) - 5*n(w). Suppose -10*a + 15 = -15*a. Determine z(a).
4
Let x(y) = 0 - y + 1 + 6*y**2 - 2 + 0*y. Calculate x(-1).
6
Let m(k) = k + 3. Let v be m(-3). Let l(g) = -1 + v*g - g + 1. Determine l(-2).
2
Let z(t) be the second derivative of -t**6/360 + t**5/24 - t**4/12 + 5*t**3/6 + 3*t. Let d(o) be the second derivative of z(o). Calculate d(5).
-2
Let m(s) = 3*s + 11. Let i(b) = -b - 4. Let v(w) = 11*i(w) + 4*m(w). Let x(a) = -5*a + 1. Let o(d) = -4*v(d) - x(d). Calculate o(2).
1
Let r be (-8)/(-3) + (-4)/6. Suppose -18 = r*t + 5*g, 4*t = -2*g - 0*g - 20. Let y(w) = w + 9. Give y(t).
5
Suppose v + 2*f = -7, -1 = -3*v + 3*f + 23. Let d = -2 - v. Let g(o) be the first derivative of -o**2/2 - 7*o - 2. What is g(d)?
-2
Let d(s) = s**2 + s. Let l(v) = -v**3 + v**2 + 2*v. Let u(n) = 4*d(n) - l(n). What is u(-3)?
-6
Let c(f) be the first derivative of f**4/4 - 2*f**3 + 2*f**2 - 3*f + 2. Determine c(5).
-8
Let h(p) = p**2 - 6*p - 4. Suppose 10*b - 11*b + 6 = 0. Give h(b).
-4
Suppose 2*l - u = 6*l + 21, -4*l - 2*u = 18. Let i(v) be the third derivative of -v**5/60 - v**4/4 - 5*v**3/6 - 40*v**2. What is i(l)?
-5
Let v(g) = -g**2 - 10*g - 15. Let z = 6 + -14. Let k be v(z). Let l(r) = -r + 1. What is l(k)?
0
Let m(r) = -9*r. Let l be (-2 + (-2 - -5))*1. Let y be l*-1 + 0/1. Give m(y).
9
Let i(p) = -1 + 16*p**2 + 0*p**3 + p**3 - 13*p**2 - 3*p. What is i(-4)?
-5
Let a(p) = -p**2 + 11*p - 8. Suppose -h = f + 3*h + 2, 18 = 3*f + 4*h. Give a(f).
2
Let t(p) = p + 2. Suppose -u + 3*v - 9 = 0, v = -3*v + 20. Let r = -2 + u. Give t(r).
6
Suppose 4*t = 2*i - 0*t - 10, -i + 5 = -t. Suppose i*b - b = 0. Let f = -1 - b. Let a(h) = 5*h**3 + h**2 + 2*h + 1. What is a(f)?
-5
Let s(a) be the first derivative of -3*a**4/2 + 4*a**3/3 - 9*a**2/2 - 4*a - 2. Let p(d) = 5*d**3 - 3*d**2 + 8*d + 4. Let t(n) = 7*p(n) + 6*s(n). Calculate t(4).
-4
Let n(m) = -2*m - 7. Let r(g) = -g**3 + 9*g**2 - 10*g + 10. Let s be r(8). Give n(s).
5
Let a(m) = 3*m**2 - 3*m - 1. Let u = 68 - 71. Give a(u).
35
Suppose 0 = -3*d + 4 - 28. Let s(q) = -q**2 - 8*q - 5. Determine s(d).
-5
Let o(i) = 3*i**2 + 23*i - 2. Let g(f) = f**2 + 8*f - 1. Let h(z) = 8*g(z) - 3*o(z). Let r be h(-4). Let y(a) = -3 - r*a**2 - a + 2*a - 5*a. What is y(-2)?
-3
Let k(c) = -2*c**2 - 4*c - 5. Let v = -71 - -67. What is k(v)?
-21
Let b(f) = f**2 + 3*f + 3. Let g(u) = -u**2 + 8*u - 3. Let r(m) = 3 - 2*m + 3*m + 1. Let t be r(4). Let k be g(t). What is b(k)?
3
Let n(d) be the second derivative of -d**3/6 + d**2/2 - 2*d. Let s(m) = m**3 - 3*m**2 + 3*m - 10. Let c(h) = -5*n(h) - s(h). Calculate c(4).
-3
Let d(l) = l. Let j(t) = t**2 - t - 5. Let w(x) = -2*d(x) - j(x). Suppose 4*k - k - 18 = 0. Let a be (-24)/9*k/4. What is w(a)?
-7
Suppose -4*q + 1 = -7. Suppose 9 - 1 = -q*z. Let h(s) = -s**2 - 2*s + 5. Give h(z).
-3
Let i = -1 + 0. Let z(u) = u - 8. Let a(y) = -10. Let g(l) = 4*a(l) - 5*z(l). Determine g(i).
5
Let g(o) = 13*o**2 + 9*o - 8. Let b(y) = -3*y**2 - 2*y + 2. Let f be 4/(-8) - 3/2. Let r(w) = f*g(w) - 9*b(w). Suppose 2*z + 2*z = 0. Determine r(z).
-2
Let h(p) = -p - 21 + 3*p**2 - 20 + 38 - 3*p + p**3. Let m = 0 - 4. What is h(m)?
-3
Let b be ((-3)/(-9))/(1/6). Let h(m) be the third derivative of -m**6/120 + m**5/15 + m**4/8 - m**3/2 + 34*m**2. What is h(b)?
11
Let l = -4 + 6. Suppose -4 = -d - l. Let q(h) = -5*h**3 + 2*h**3 + d*h**3 + 4*h**2 - 5*h**2. Calculate q(0).
0
Let i = -86 + 90. Let m(w) = -2*w - 3. Give m(i).
-11
Let f(n) be the third derivative of -n**6/360 - n**5/24 - n**4/24 + n**3/3 + 4*n**2. Let s(x) be the first derivative of f(x). Determine s(-5).
-1
Let b(x) = x**3 - 4*x**2 - 3*x - 4. Let r be 44/10 - 12/(-20). What is b(r)?
6
Let t(h) = 5*h**2 + 5 + 3 - 4 - 3*h + h**2 - h**3. Determine t(6).
-14
Let m be (33/22)/(2/20). Suppose -3*z + 5*y - m = 0, 0*z - 2*z - 5*y = -15. Let h(n) = -n**3 + n - 11. Determine h(z).
-11
Let h(u) = -578*u + 580*u + 2*u**2 - 4 + 3. Give h(-4).
23
Let o(j) = 1 + 2*j + 1 + 4. Let n = 7 + -5. Suppose -n*s = -1 + 11. Calculate o(s).
-4
Let z(p) = 2*p - 4. Let t(b) = -b**2 - 5*b - 2. Let c be (1*-3)/(5 - 4). Let k be t(c). Calculate z(k).
4
Let o(p) = -6*p + 2*p**2 + 5*p**2 - 6*p**2 + 5. Give o(6).
5
Let r = -18 - -14. Let a(q) = -q**3 - 4*q**2 + q - 2. Calculate a(r).
-6
Let l(y) = -2*y + 1. Let h be (10/(-12))/((-13)/78). Determine l(h).
-9
Suppose 0 = -2*g + 5*g - 102. Let f = g + -39. Let i(m) be the second derivative of m**3/3 + 3*m**2 + m. Determine i(f).
-4
Let t(k) = -k**2 - 3*k + 5. Suppose a = -6*a - 28. What is t(a)?
1
Let a(w) = 6*w - 2. Let b(c) = c - 1. Let j(m) = -a(m) + 4*b(m). Give j(3).
-8
Let w = 5 + -2. Let l(o) be the second derivative of o**5/20 - o**4/4 + o**3/6 - o**2 - 24*o. Calculate l(w).
1
Let v(l) = 15*l - 11*l - 5*l + 2. Let k(a) = a**3 - 4*a**2 + 3*a + 3. Let d be k(3). Give v(d).
-1
Let t(r) = -6 + 0*r + 6*r**2 + 47*r**3 - 48*r**3 + 7*r. Give t(7).
-6
Let d = 64 + -61. Let k(c) = -c**2 + c. What is k(d)?
-6
Let w be (7/(-21))/(2/24). Let f(k) = -2*k - 2. What is f(w)?
6
Suppose 0 = -2*t - 0*t. Let m(o) = o**2 + 2 + t - 1. Let p = 8 + -6. Calculate m(p).
5
Let f be 44/36 + (-2)/9. Let z(p) = -p. What is z(f)?
-1
Let x(t) = -3*t - 3 + t**2 + 2 + 4. Let g(f) = f**2 - 2*f - 31. Let l be g(7). Calculate x(l).
7
Let o(h) = -h**3 + h**2 + h - 1. Let r(f) = 3*f**3 + 3*f**2 - 2*f + 3. Let t(n) = -2*o(n) - r(n). What is t(-5)?
-1
Let n(q) be the first derivative of -q**3/3 - 7*q**2/2 - 2*q - 3. Suppose -5*j - 5*p = 109 - 4, 67 = -3*j - 2*p. Let v be 4/(-10) + 140/j. Give n(v).
4
Let f(q) = -3*q + 4*q + 6*q - 5*q. Let c be 5*7/(70/(-12)). What is f(c)?
-12
Suppose 3*z = 4*z - 4. Suppose z*v = 12 + 4. Let n(c) = 2*c**2 - 6*c + 2. Determine n(v).
10
Let z(u) = 2*u**3 - 3*u**2 - 11*u - 1. Let d(h) = h**3 - 2*h**2 - 6*h - 1. Let x(i) = 7*d(i) - 4*z(i). Give x(-4).
21
Let w = -14 + 10. Let b(o) = 7*o - 8. Let x(r) = -4*r + 4. Let q be 6/(-2) - (2 - 0). Let j(m) = q*x(m) - 3*b(m). What is j(w)?
8
Suppose 0 = -4*u + 3 + 5. Let j(f) be the first derivative of f**4/4 - 2*f**3/3 + f**2 - f + 3. Give j(u).
3
Let x(d) be the second derivative of -3*d + 1/4*d**4 + 0*d**2 + 0 + 1/6*d**3. Calculate x(-1).
2
Suppose -v - s - 2 = 0, 0 = -2*v + 5*s - 0*s - 11. Let d(m) = m + 2. Give d(v).
-1
Let v be 1 + -2 - 4/(-1). Let r(f) = -6*f + 3. Determine r(v).
-15
Suppose -c = -m, 0 = -0*m - 2*m + 5*c. Suppose m = 4*t + 11 + 5. Let d(p) = p**3 + 4*p**2 + 5. What is d(t)?
5
Let p(v) = v**2 + 11*v + 7. Let y(n) = 6*n + 4. Let z(x) = -3*p(x) + 5*y(x). Determine z(-2).
-7
Let z(u) = -8*u - 5. Let o(g) = g + 1. Let b(w) = -6*o(w) - z(w). Determine b(3).
5
Let v(r) = r - 4. Let a(f) = 11 - 3*f + 3*f - 2*f. Suppose -4*y + 25 = -7. Let i be a(y). What is v(i)?
-9
Let u(l) = -l - 7. Suppose -2*o - 2*o + 28 = 0. Suppose 4*c + 8 = 0, 3*g - 4*c = -0*c - o. Let w be u(g). Let p(f) = -2*f**3 - 2*f**2 + 2*f + 3. What is p(w)?
7
Let u(i) = -i**3 + 6*i**2 - 5*i - 3. Let q = 24 + -18. Suppose -q*x = -3*x - 15. Determine u(x).
-3
Let p(u) = u**2 - 3*u + 3. Let y be p(3). Suppose -y*j - 2*j = -5. Let g(x) = 6*x**3 + x**2 - 2*x + 1. What is g(j)?
6
Let h be 1/3*(-4 - (-4 + 6)). Let r(f) = -3*f + 2. Let l(x) be the first derivative of 11*x**2/2 - 8*x - 1. Let u(o) = h*l(o) - 9*r(o). Calculate u(-2).
-12
Let m(t) = -2 + t**2 + 2*t - 5 + 0. Let v be 29/9 - (-8)/(-36). Suppose 0 = -4*o + 4*y - 40, v*o + 3*y + y = 5. Calculate m(o).
8
Suppose -10*r - 10 = -15*r. Let x(f) = r*f**3 - 3 + 0 + 5 - f**3. Calculate x(2).
10
Let s(t) = -t**3 - 6*t**2 + 2*t + 2. Suppose -3*y + 3*l = -6*y - 9, y = l - 9. Calculate s(y).
-10
Let d be (-3)/12*(3 - 15) + -3. Let u(o) = o**2 + o + 26. Determine u(d).
26
Let q(j) be the first derivative of j**2 - 2*j - 1/3*j**3 + 4. Determine q(4).
-10
Let t be 5/(1 - -29) - 70/(-12). Let a(q) = 4*q - 6. Calculate a(t).
18
Let w(t) = t**2. Suppose o + 1 = -m + 3, -4*o = 2*m - 8. Suppose -10 = -o*u - 0*u. Suppose a = -2*r + 1, a = u